of 4968 and 5796414?
1242
Calculate the greatest common factor of 8862 and 2118862.
422
Calculate the greatest common factor of 20 and 1020244.
4
What is the highest common factor of 968016 and 33232?
1072
Calculate the highest common divisor of 1510 and 3659485.
755
What is the greatest common factor of 26510 and 496870?
110
What is the highest common factor of 267 and 3071657?
89
Calculate the highest common factor of 3378628 and 12385.
2477
What is the greatest common divisor of 31 and 63444662?
31
Calculate the greatest common divisor of 2850 and 5093463.
57
Calculate the highest common factor of 65 and 1118835.
5
What is the greatest common factor of 826569684 and 486?
162
What is the greatest common divisor of 3387 and 6612553?
1129
Calculate the highest common factor of 307124 and 5508.
4
What is the greatest common divisor of 349324182 and 558?
558
What is the greatest common divisor of 405 and 23397840?
45
Calculate the greatest common divisor of 4388396 and 6148.
116
Calculate the highest common divisor of 396 and 4290198.
66
Calculate the greatest common factor of 43160661 and 27.
27
Calculate the greatest common divisor of 73 and 1600.
1
Calculate the highest common factor of 14971030 and 40.
10
Calculate the greatest common factor of 353538 and 127286774.
13094
Calculate the greatest common divisor of 1072 and 54853168.
1072
What is the greatest common factor of 707125 and 45625?
125
What is the greatest common factor of 224 and 641592?
56
What is the greatest common factor of 2570 and 272700?
10
Calculate the highest common factor of 31302947 and 11336.
1417
Calculate the greatest common divisor of 1587929916 and 87.
87
What is the highest common factor of 151938 and 6289902?
414
What is the highest common factor of 6 and 1782074?
2
What is the greatest common divisor of 17109857 and 402?
67
Calculate the greatest common divisor of 195432 and 48.
24
Calculate the highest common divisor of 37720 and 1776120.
1640
What is the highest common factor of 1680 and 790813520?
560
Calculate the greatest common factor of 4072 and 4651242.
1018
Calculate the highest common divisor of 89277248 and 128.
64
What is the highest common divisor of 37944 and 8660904?
744
What is the greatest common divisor of 7082819 and 7660?
383
Calculate the highest common factor of 36750 and 57250.
250
What is the greatest common divisor of 4512 and 11368736?
1504
What is the highest common divisor of 6733216 and 560?
112
Calculate the greatest common factor of 22656 and 199302.
354
What is the highest common divisor of 3818235 and 557?
557
Calculate the highest common divisor of 118338 and 2254290.
978
Calculate the highest common factor of 929776 and 680.
8
What is the highest common divisor of 10995534 and 45903?
3531
Calculate the greatest common divisor of 125734973 and 47865.
3191
Calculate the greatest common divisor of 162811 and 2128720.
451
What is the greatest common divisor of 1118 and 25865618?
86
Calculate the greatest common divisor of 21913 and 3247.
17
What is the highest common divisor of 214054969 and 19?
19
Calculate the highest common factor of 1092246645 and 2065.
2065
Calculate the greatest common factor of 609773033 and 943.
943
What is the highest common divisor of 51627 and 259?
1
What is the greatest common divisor of 787015169 and 19?
19
Calculate the greatest common divisor of 324135 and 371763.
1323
What is the highest common divisor of 11244456 and 1224?
72
Calculate the greatest common divisor of 5972847 and 107.
107
What is the highest common factor of 2530 and 45310?
230
Calculate the highest common factor of 6424714 and 4.
2
Calculate the greatest common divisor of 1110 and 600954.
222
What is the highest common divisor of 5382 and 1584378?
414
Calculate the greatest common divisor of 13202000 and 78064.
4592
Calculate the highest common divisor of 2693156 and 558.
62
What is the highest common divisor of 117015 and 676535?
1345
Calculate the greatest common divisor of 2392590 and 24.
6
Calculate the highest common factor of 18691900 and 11280.
940
What is the highest common divisor of 2119625 and 1225?
25
What is the greatest common factor of 47801 and 64363?
13
What is the highest common divisor of 200 and 83116?
4
Calculate the greatest common divisor of 4949 and 3104639.
101
Calculate the highest common factor of 30132729 and 37719.
297
What is the greatest common divisor of 1464 and 194928?
24
Calculate the highest common factor of 10 and 109915340.
10
What is the greatest common factor of 53711 and 553?
7
Calculate the highest common factor of 115321201 and 2113.
2113
What is the greatest common factor of 23257630 and 110?
110
What is the greatest common divisor of 54 and 10643373?
27
Calculate the greatest common divisor of 85 and 110878250.
85
Calculate the highest common divisor of 129908407 and 153.
17
What is the highest common factor of 114978180 and 1146?
1146
What is the greatest common divisor of 14063 and 2429?
7
What is the greatest common factor of 325396932 and 3213?
357
Calculate the greatest common divisor of 2590049 and 616.
77
What is the highest common factor of 255301418 and 274?
274
Calculate the highest common divisor of 329956 and 1540.
44
Calculate the highest common factor of 22100234 and 3614.
26
What is the greatest common factor of 6795296 and 512?
32
Calculate the greatest common factor of 2233 and 256024615.
2233
Calculate the greatest common divisor of 744 and 351237006.
186
What is the highest common factor of 59670 and 114138180?
3510
What is the highest common factor of 48315702 and 37092?
1686
What is the highest common factor of 715467 and 100749?
213
What is the greatest common divisor of 24190 and 1301540?
590
What is the greatest common divisor of 2469876 and 204?
12
Calculate the greatest common factor of 928 and 2156527.
29
Calculate the highest common divisor of 2367 and 60498.
9
Calculate the greatest common factor of 9062 and 368460.
46
Calculate the greatest common factor of 16986589 and 16206.
2701
What is the highest common factor of 166890 and 5190?
30
Calculate the highest common divisor of 18395133 and 63549.
921
Calculate the greatest common factor of 11052 and 18387765.
2763
Calculate the greatest common divisor of 714 and 24067002.
102
Calculate the greatest common factor of 4275 and 1129725.
225
Calculate the greatest common divisor of 73486653 and 5604.
1401
Calculate the greatest common factor of 74035 and 5980.
65
What is the greatest common divisor of 1154930 and 145530?
490
Calculate the highest common divisor of 27 and 1901008791.
27
What is the highest common divisor of 1928 and 1448?
8
What is the highest common divisor of 75898961 and 149?
149
What is the highest common divisor of 22788130 and 20?
10
What is the greatest common divisor of 3307 and 3138?
1
Calculate the highest common factor of 5529345 and 4209.
183
What is the highest common factor of 4124958 and 414?
138
Calculate the highest common factor of 1197897 and 164.
41
What is the greatest common factor of 671034944 and 24?
8
Calculate the highest common factor of 7046413 and 121.
11
Calculate the highest common divisor of 82570069 and 69.
23
What is the highest common factor of 41263428 and 36?
12
Calculate the greatest common factor of 20017548 and 108.
36
Calculate the highest common divisor of 8376517 and 27451.
283
Calculate the greatest common factor of 2214 and 542916.
54
Calculate the greatest common factor of 1144 and 294128.
8
Calculate the highest common divisor of 2197 and 478140.
13
Calculate the highest common factor of 25595943 and 201.
201
What is the highest common divisor of 625 and 385330?
5
Calculate the highest common factor of 3564898 and 944.
118
What is the highest common factor of 194511 and 1311138?
69
What is the highest common divisor of 1905102670 and 1565?
1565
What is the greatest common divisor of 1757 and 149998855?
251
What is the highest common divisor of 200074415 and 1930?
965
What is the greatest common factor of 862743 and 140?
7
What is the greatest common divisor of 3600035 and 20?
5
What is the greatest common divisor of 10262832 and 2040?
408
Calculate the greatest common factor of 3289882 and 6.
2
What is the greatest common divisor of 1715071 and 62